784?
2, 10223
List the prime factors of 564.
2, 3, 47
What are the prime factors of 567?
3, 7
List the prime factors of 54988.
2, 59, 233
What are the prime factors of 7720?
2, 5, 193
List the prime factors of 1282.
2, 641
What are the prime factors of 5020?
2, 5, 251
What are the prime factors of 23617?
11, 19, 113
List the prime factors of 3611.
23, 157
List the prime factors of 79314.
2, 3, 13219
What are the prime factors of 35670?
2, 3, 5, 29, 41
List the prime factors of 12494.
2, 6247
List the prime factors of 2884.
2, 7, 103
List the prime factors of 624.
2, 3, 13
What are the prime factors of 83546?
2, 37, 1129
What are the prime factors of 2698?
2, 19, 71
What are the prime factors of 1889?
1889
What are the prime factors of 1504?
2, 47
List the prime factors of 59624.
2, 29, 257
List the prime factors of 6350.
2, 5, 127
List the prime factors of 2036.
2, 509
What are the prime factors of 536?
2, 67
List the prime factors of 5754.
2, 3, 7, 137
What are the prime factors of 3134?
2, 1567
What are the prime factors of 3369?
3, 1123
List the prime factors of 68855.
5, 47, 293
List the prime factors of 915.
3, 5, 61
What are the prime factors of 5503?
5503
List the prime factors of 1183.
7, 13
List the prime factors of 38294.
2, 41, 467
List the prime factors of 17034.
2, 3, 17, 167
List the prime factors of 11643.
3, 3881
What are the prime factors of 10902?
2, 3, 23, 79
List the prime factors of 3500.
2, 5, 7
List the prime factors of 1440.
2, 3, 5
What are the prime factors of 1446?
2, 3, 241
List the prime factors of 17786.
2, 8893
What are the prime factors of 1325?
5, 53
List the prime factors of 9918.
2, 3, 19, 29
What are the prime factors of 184?
2, 23
List the prime factors of 378.
2, 3, 7
List the prime factors of 4409.
4409
List the prime factors of 2881.
43, 67
List the prime factors of 21440.
2, 5, 67
What are the prime factors of 26118?
2, 3, 1451
What are the prime factors of 13095?
3, 5, 97
List the prime factors of 2622.
2, 3, 19, 23
What are the prime factors of 14886?
2, 3, 827
What are the prime factors of 564?
2, 3, 47
What are the prime factors of 29?
29
List the prime factors of 1478.
2, 739
List the prime factors of 4869.
3, 541
What are the prime factors of 40387?
40387
List the prime factors of 3255.
3, 5, 7, 31
What are the prime factors of 30338?
2, 7, 11, 197
What are the prime factors of 10535?
5, 7, 43
What are the prime factors of 8344?
2, 7, 149
What are the prime factors of 29725?
5, 29, 41
List the prime factors of 714.
2, 3, 7, 17
What are the prime factors of 149?
149
What are the prime factors of 844?
2, 211
What are the prime factors of 40969?
53, 773
What are the prime factors of 76624?
2, 4789
List the prime factors of 12862.
2, 59, 109
List the prime factors of 28586.
2, 14293
What are the prime factors of 994?
2, 7, 71
What are the prime factors of 83190?
2, 3, 5, 47, 59
What are the prime factors of 1114?
2, 557
What are the prime factors of 98538?
2, 3, 11, 1493
What are the prime factors of 15044?
2, 3761
What are the prime factors of 23899?
23899
What are the prime factors of 1315?
5, 263
What are the prime factors of 4960?
2, 5, 31
List the prime factors of 5688.
2, 3, 79
What are the prime factors of 64260?
2, 3, 5, 7, 17
List the prime factors of 2606.
2, 1303
List the prime factors of 1094.
2, 547
List the prime factors of 68738.
2, 34369
List the prime factors of 1563.
3, 521
List the prime factors of 78271.
29, 2699
What are the prime factors of 4883?
19, 257
List the prime factors of 2345.
5, 7, 67
What are the prime factors of 259?
7, 37
What are the prime factors of 2037?
3, 7, 97
List the prime factors of 46013.
11, 47, 89
What are the prime factors of 1939?
7, 277
What are the prime factors of 1046?
2, 523
What are the prime factors of 4515?
3, 5, 7, 43
List the prime factors of 139994.
2, 69997
List the prime factors of 65019.
3, 21673
List the prime factors of 3137.
3137
What are the prime factors of 5579?
7, 797
List the prime factors of 15848.
2, 7, 283
List the prime factors of 740.
2, 5, 37
What are the prime factors of 4483?
4483
What are the prime factors of 2469?
3, 823
List the prime factors of 2363.
17, 139
List the prime factors of 32316.
2, 3, 2693
List the prime factors of 1104.
2, 3, 23
What are the prime factors of 1376?
2, 43
List the prime factors of 64962.
2, 3, 401
What are the prime factors of 213?
3, 71
List the prime factors of 808.
2, 101
List the prime factors of 23979.
3, 7993
What are the prime factors of 11593?
11593
List the prime factors of 1356.
2, 3, 113
List the prime factors of 15315.
3, 5, 1021
What are the prime factors of 2341?
2341
What are the prime factors of 19041?
3, 11, 577
List the prime factors of 9176.
2, 31, 37
List the prime factors of 1498.
2, 7, 107
What are the prime factors of 49348?
2, 13, 73
List the prime factors of 811.
811
What are the prime factors of 921?
3, 307
List the prime factors of 8393.
7, 11, 109
What are the prime factors of 53630?
2, 5, 31, 173
What are the prime factors of 2836?
2, 709
What are the prime factors of 304?
2, 19
List the prime factors of 4409.
4409
What are the prime factors of 1159?
19, 61
List the prime factors of 196.
2, 7
List the prime factors of 124.
2, 31
What are the prime factors of 1410?
2, 3, 5, 47
List the prime factors of 905.
5, 181
List the prime factors of 4977.
3, 7, 79
What are the prime factors of 70558?
2, 35279
List the prime factors of 657.
3, 73
What are the prime factors of 8091?
3, 29, 31
List the prime factors of 168007.
7, 24001
What are the prime factors of 1356?
2, 3, 113
List the prime factors of 118970.
2, 5, 11897
What are the prime factors of 40261?
13, 19, 163
List the prime factors of 4784.
2, 13, 23
List the prime factors of 24589.
67, 367
List the prime factors of 177.
3, 59
What are the prime factors of 985?
5, 197
What are the prime factors of 3055?
5, 13, 47
What are the prime factors of 6734?
2, 7, 13, 37
What are the prime factors of 58808?
2, 7351
What are the prime factors of 255?
3, 5, 17
List the prime factors of 124380.
2, 3, 5, 691
What are the prime factors of 8581?
8581
What are the prime factors of 1152?
2, 3
List the prime factors of 8671.
13, 23, 29
What are the prime factors of 176?
2, 11
List the prime factors of 18495.
3, 5, 137
List the prime factors of 19912.
2, 19, 131
What are the prime factors of 6111?
3, 7, 97
List the prime factors of 1663.
1663
What are the prime factors of 3519?
3, 17, 23
What are the prime factors of 1281?
3, 7, 61
What are the prime factors of 48194?
2, 24097
List the prime factors of 754.
2, 13, 29
What are the prime factors of 1024?
2
What are the prime factors of 13935?
3, 5, 929
List the prime factors of 1211.
7, 173
What are the prime factors of 157287?
3, 13, 37, 109
What are the prime factors of 503?
503
List the prime factors of 4147.
11, 13, 29
List the prime factors of 529.
23
List the prime factors of 2865.
3, 5, 191
What are the prime factors of 67869?
3, 7541
List the prime factors of 924.
2, 3, 7, 11
What are the prime factors of 74047?
74047
What are the prime factors of 7727?
7727
What are the prime factors of 675?
3, 5
List the prime factors of 75072.
2, 3, 17, 23
What are the prime factors of 27117?
3, 23, 131
What are the prime factors of 32729?
23, 1423
What are the prime factors of 3602?
2, 1801
List the prime factors of 2441.
2441
What are the prime factors of 48887?
19, 31, 83
What are the prime factors of 45262?
2, 7, 53, 61
What are the prime factors of 68253?
3, 22751
List the prime factors of 45996.
2, 3, 3833
What are the prime factors of 6559?
7, 937
List the prime factors of 7876.
2, 11, 179
What are the prime factors of 7262?
2, 3631
List the prime factors of 99831.
3, 107, 311
List the prime factors of 8068.
2, 2017
What are the prime factors of 1778?
2, 7, 127
What are the prime factors of 1234?
2, 617
List the prime factors of 1863.
3, 23
What are the prime factors of 1944?
2, 3
What are the prime factors of 66693?
3, 11, 43, 47
What are the prime factors of 736?
2, 23
What are the prime factors of 63?
3, 7
List the prime factors of 734.
2, 367
What are the prime factors of 3358?
2, 23, 73
List the prime factors of 15515.
5, 29, 107
What are the prime factors of 7010?
2, 5, 70